/9)?
2, 3, 31, 283
Let y be (0 + -2)*2223/18. Let l = 290 - y. List the prime factors of l.
3, 179
Let f = 13464 + -1435. What are the prime factors of f?
23, 523
Let m(b) = -32*b + 15. Let p be m(-12). Let s = -143 + p. List the prime factors of s.
2
Let q(t) = -15*t - 67. Suppose -210 = 21*a - 11*a. List the prime factors of q(a).
2, 31
Let l = 3972 + 1407. List the prime factors of l.
3, 11, 163
Suppose b = 3, 6*o - 5*b = 4*o - 11. Let m(l) be the first derivative of 3*l**4/4 + 7*l**3/3 - 11*l**2/2 + 5*l - 17. List the prime factors of m(o).
5, 7
Let a(r) = 3*r**2 - 6*r + 4. Let z be ((-6)/2 - 1)/1. Let c be a(z). List the prime factors of (-3)/(-4) - (-12635)/c.
167
Let b(w) = w**2 + 11*w + 8. Let v be b(-10). What are the prime factors of -140*((-6)/v - (-50)/(-8))?
5, 7, 13
Suppose -2*c = -3*c + 3*u - 32, 4*c - 4*u + 144 = 0. Let k(y) = -2*y**2 + 25*y - 13. Let b be k(20). Let d = c - b. What are the prime factors of d?
5, 11
Suppose 4*o + u - 18520 = 0, o - 4630 = 7*u - 3*u. List the prime factors of o.
2, 5, 463
Let q(f) = f**3 - 4*f**2 + 5*f - 3. Let h be q(3). Suppose 11*a = h*a + 7704. List the prime factors of a.
3, 107
Suppose 13 = 7*h - 8. Suppose -4*o - 354 + 5 = -x, -3*o - 1038 = -h*x. What are the prime factors of x?
3, 5, 23
Let d(p) = 2*p**3 - 14*p**2 + p + 6. Suppose c + 7 = 3*w, 2*c - 2*w - 6 = -0*w. Let r be d(c). Suppose -a + 11 = -r. List the prime factors of a.
3, 17
Let s = -2693 - -9969. List the prime factors of s.
2, 17, 107
Suppose -4*v = -4*k - 5*v + 11, -2*k + 3*v + 23 = 0. Let i be k/(-1) + -6*(-30)/18. Suppose -2*x = -4*x + i. List the prime factors of x.
3
Let f(l) = -4545 + 7*l + l**2 - 36*l**3 + 4555 - 146*l**3. What are the prime factors of f(-2)?
2, 7, 13
Suppose -4*u + 2*u + 43383 - 8953 = 0. What are the prime factors of u?
5, 11, 313
What are the prime factors of ((-14)/7)/(-1 - (-641464)/641480)?
5, 7, 29, 79
Let b(o) = 543*o**2 + 200*o - 1805. What are the prime factors of b(9)?
2, 11, 1999
Suppose 3*p - 174 = -2*b + 341, 0 = 4*p - 5*b - 679. Let q = -309 + p. Let j = -76 - q. What are the prime factors of j?
2, 31
Let d = -23657 - -37372. List the prime factors of d.
5, 13, 211
What are the prime factors of (-1338332)/(-36) - -5 - ((-1068)/(-108) - 10)?
37181
Suppose -g + 2660 = 4*g. Let h(t) = t**2 + 83*t + 693. Let r be h(-68). Let u = r + g. What are the prime factors of u?
5, 41
Suppose -3*n + 212 - 16664 = -3*y, -n + 27438 = 5*y. List the prime factors of y.
3, 31, 59
Let a(f) = f**2 + 5*f + 13. Let u be a(-9). Suppose 14*k - 434 = 3570. Let t = k - u. List the prime factors of t.
3, 79
Suppose -1989212 = -40*h - 65*h + 1369528. What are the prime factors of h?
2, 11, 727
Let g(a) = 3*a - 14. Let x = -33 + 39. Let q be g(x). Suppose q*z + j = 289, z - 22 - 66 = 5*j. What are the prime factors of z?
73
Let z = -17216 - -37388. What are the prime factors of z?
2, 3, 41
Let h(r) = -r**2 - r + 22. Let s be h(-10). Let k = 189 - s. List the prime factors of 3 - ((-9)/15 - k/5).
5, 11
Suppose 160*k - 50431 = -8191. List the prime factors of k.
2, 3, 11
Let f = -4426 + 8083. Suppose -18*d + 1203 = -f. What are the prime factors of d?
2, 3, 5
Let f(q) = 30*q**3 + 13*q**2 - 27*q + 7. What are the prime factors of f(6)?
6793
Let t be 1 + -96 + (31 - 22). Let m be ((-100)/(-6))/(4/30). Let x = t + m. What are the prime factors of x?
3, 13
What are the prime factors of (-773)/(90/(-27) - (0 + -3))?
3, 773
Let k(c) = 142*c + 861. List the prime factors of k(24).
3, 1423
Suppose 2*d + 56279 - 1831 = v, -7*v = 4*d - 381280. List the prime factors of v.
2, 23, 37
Suppose 2*f + 0*f = 10. Suppose f*t - 15*t = -30. List the prime factors of (6/t - -210) + -4.
2, 13
List the prime factors of -69544*-2*(-4)/(-32).
2, 8693
Suppose -4*h + h + 9681 = -2*w, 0 = 3*w. What are the prime factors of h?
7, 461
Let o(b) = -b**2 - 21*b - 83. Let y be o(-18). Let g(w) = -w**3 - 30*w**2 - 34*w + 9. List the prime factors of g(y).
2, 7, 11
Let v(i) = 4*i**3 - 40*i**2 + 45*i - 4. What are the prime factors of v(18)?
2, 37, 151
Suppose -6*l + 9*l - 178317 = -4*d, -6 = d. What are the prime factors of l?
59447
Let q = -211 - -216. Suppose -o - 9*a + 594 = -11*a, -q*a = -5*o + 2950. List the prime factors of o.
2, 293
Let d = 9541 - 1520. What are the prime factors of d?
13, 617
Suppose 7*a - 851 = 409. Suppose 1265 = -175*r + a*r. What are the prime factors of r?
11, 23
Suppose 0 = 13*h - 15 - 11. Suppose 9*s = -3*d + 7*s + 426, -h*d - 2*s + 282 = 0. List the prime factors of d.
2, 3
Let r(n) = -10*n**3 + 2*n**2 + 2*n - 2. Let f be r(2). Let j(y) = -y**3 + 20*y**2 - 55*y + 14. Let i be j(16). Let m = f + i. List the prime factors of m.
2, 11
Let l(d) = -d**2 + d - 1. Let i(p) = -p**3 + 16*p**2 - 20*p + 3. Let s(t) = -i(t) - 5*l(t). Let n be s(10). Let m = n + -21. List the prime factors of m.
31
Suppose 8*n - 4*l = 13*n - 11097, -5*l = 5*n - 11095. What are the prime factors of n?
2221
Suppose -1836 - 391 = -17*d. Let s = -16 + d. List the prime factors of s.
5, 23
Let t = -8804 + 26483. What are the prime factors of t?
3, 71, 83
Suppose 4*f = 5*f - 299. Let q = f - 121. What are the prime factors of q?
2, 89
List the prime factors of (-16943359)/(-423) + 2/(-9).
5, 8011
Let u(d) = -8*d + 12. Let c be u(-9). What are the prime factors of (-12)/c - (-4310)/35?
3, 41
Suppose 3*b = 2*s + 38903, -11*b + 7*b + 51889 = s. List the prime factors of b.
7, 17, 109
Suppose -9*z + 10247 + 9931 = 0. Let h = z - 1485. What are the prime factors of h?
757
Let a(m) = 8*m**2 - 43*m - 401. List the prime factors of a(-36).
5, 7, 47
Suppose -51 + 19 = -8*a. Suppose a*p + 71 = -25. What are the prime factors of p*76/(-30) + 2/10?
61
Let q = 12379 + -6675. List the prime factors of q.
2, 23, 31
Suppose -3*p + 24 = 4*f + p, 2*f = p + 6. Let t(j) be the third derivative of -j**5/60 + 3*j**4/8 - j**3/2 + j**2. What are the prime factors of t(f)?
17
Suppose -63765 = -9*m + 38376. List the prime factors of m.
3, 13, 97
Suppose -4*z - 6322 = -4*a + 25314, -a = z - 7915. What are the prime factors of a?
2, 23, 43
Suppose -2*h = 2, 3 = -4*w + 4*h - 5. Let i(s) = -62*s - 18. What are the prime factors of i(w)?
2, 3, 7
Suppose 2*c = 167*g - 171*g + 23990, 4*c - 3*g - 47958 = 0. What are the prime factors of c?
3, 7, 571
Suppose -2*z = 5*f + z - 25, -19 = 3*f - 5*z. Let i = -6260 + 6265. Suppose -5*j + f*y + 794 = 0, i*y - 71 = 2*j - 376. What are the prime factors of j?
2, 5
Let t = 5 - 3. Let s(h) = 10*h + 5*h**2 + 5*h**2 - 11*h**t - 16. What are the prime factors of s(7)?
5
Suppose -70*q + 1004315 + 1056103 = 127088. What are the prime factors of q?
71, 389
Let u = -162 - -195. Let y(k) = 8*k + 178. What are the prime factors of y(u)?
2, 13, 17
Let n(u) = 2240*u**2 + 13*u + 4. What are the prime factors of n(-1)?
23, 97
Let h(d) = 13*d**3 + 8*d**2 - 126*d + 28. What are the prime factors of h(11)?
13, 1301
Let p be (-2 + -1 + 2)*(21 - 23). Suppose 3*v + 2289 = 4*i - i, -4*v = -p*i + 1522. List the prime factors of i.
3, 5, 17
Suppose -3*c = -75 + 45. Suppose s - 4*u - c = 11, 2*u - 17 = -5*s. Suppose -4*l = -7*l + g + 21, 0 = -s*l - g + 27. List the prime factors of l.
2, 3
Let k = -115460 + 163372. What are the prime factors of k?
2, 53, 113
Suppose 13*c = 2*h - 39355, 3*h - 4*h + 19687 = 3*c. What are the prime factors of h?
2, 7, 19, 37
Let l(b) = 2*b**2 - 2*b - 8. Let z be l(-2). Suppose -6*g + g = -s - 18, s + 13 = z*g. What are the prime factors of (-1)/(-7) - (-195)/s?
2, 7
Suppose 34 - 262 = -12*x. Let v(z) = -z**3 + 20*z**2 + 16*z + 4. What are the prime factors of v(x)?
3, 223
Let h be (10/(-6))/((-196)/168 + 1 + 0). Suppose 0 = -2*x + c + 5 - 2, 5*x - c = 12. Suppose k - x*k + h = 0. List the prime factors of k.
5
Let t = 46 - 52. Let p(a) = 11*a**2 - 23*a - 82. List the prime factors of p(t).
2, 113
Suppose -533 = -3*v + c, 2*v - 143 = -2*c + 199. Suppose 4*p = -r - 4*r + 83, 4*r = -p + 73. Let d = v - r. What are the prime factors of d?
157
What are the prime factors of (-9 - (-304)/32)/(3/29226)?
4871
Let h(u) = 6*u**2 - u. Let s be h(-7). Let q = 151 + s. What are the prime factors of q?
2, 113
Suppose 0 = 5*c + 3*l - 883, -31 = c - l - 198. What are the prime factors of c?
173
Suppose 27*b - 5*t = 23*b + 12562, 5*b - 15719 = -2*t. List th